449. Suppose g = -4*z + 11*z. Suppose -7 = i - z. What is the units digit of i?
8
Suppose -w - 3*v = -14, w + w - 12 = -2*v. Suppose -a + 122 = 5*q, -6*a + w*q + 583 = -a. Let k = -99 + a. What is the units digit of k?
8
Suppose -72809 = -5*c + 7*k, -5*k + 3 - 13 = 0. What is the tens digit of c?
5
Suppose 3*y = 6, -2*y = -2*c - 3*y + 6. Suppose c*k - 2852 = o, -10*k + o = -3*k - 9987. What is the thousands digit of k?
1
Let w(l) = -l**3 - 6*l**2 + 2*l - 7. Let a(p) = p**3 + 5*p**2 - 4*p + 5. Let h be a(-6). Let g be w(h). Suppose g*j = 26*j + 166. What is the units digit of j?
3
Let w(s) = -1 + s + 0*s + 4441*s**2 - 4440*s**2 + 0*s. Let d(g) = 3*g**3 - 4*g**2 - 4*g - 7. Let a(v) = d(v) + 4*w(v). What is the tens digit of a(3)?
7
Let g(l) = -2*l**3 + 19*l**2 - 8*l + 21. Let u be 29/3 - 16/24. What is the tens digit of g(u)?
3
Suppose 0 = 10*v - 5 - 35. Suppose -v*k = -6*k + 16. What is the tens digit of k/1*(-3 + 185/20)?
5
What is the units digit of 4331 - (6/2 + 11/(-2))*2?
6
Suppose -1047 = 5*f + 538. Let l = 535 + f. Suppose 2*b - 80 - l = 0. What is the tens digit of b?
4
Suppose -c + 10020 = 5*r, 2*c = -8*r + 3*r + 10020. Suppose -8*t + r + 1156 = 0. What is the units digit of t?
5
Suppose -1907*i + 1881*i = -55484. What is the hundreds digit of i?
1
Let u(v) = -12*v + 3. Let g be u(0). Suppose 5*r = -g*b + 4*b - 238, 3*b - 624 = -3*r. What is the tens digit of b?
1
Suppose 5*f - 603 = 4*l + 92, -3*f = -2*l - 419. Let u = 326 - f. What is the hundreds digit of u?
1
Let i(m) = 2*m**2 + 5*m + 2. Let w be i(-4). Let k(c) = -4*c - 43. Let l be k(-11). What is the tens digit of l*w/6*18?
4
Let c(k) = -4*k**3 - 17*k**2 + 10*k - 8. Let t be c(-5). What is the thousands digit of (3/12)/(t/136) - -1108?
1
Let r = 40 - 43. Let k = r + 5. What is the tens digit of -1 + (-107)/(-7) + k/(-7)?
1
Suppose 0 = 27*d - 39 - 12516. What is the hundreds digit of (54/(-12))/(d/468 + -1)?
7
Suppose q = -2*n + 47, q + 54 = 3*n - 3*q. Suppose n*a - 112 = 14*a. Suppose 42 = 15*l - a*l. What is the units digit of l?
2
Suppose 14*p + 52*p + 33*p - 4910004 = 0. What is the hundreds digit of p?
5
Let h(v) = 352*v - 7. Let d = -208 + 211. What is the tens digit of h(d)?
4
Let i(y) = 26*y**2 + y - 41. Let k(f) = 12*f**2 + f - 21. Let b(n) = -4*i(n) + 9*k(n). What is the tens digit of b(8)?
7
Let a = 17160 + -984. What is the units digit of a?
6
Suppose 38*c = 34*c - 8, 3*z = -3*c + 22455. What is the units digit of z?
7
What is the units digit of (-44)/5*(-444780)/252?
2
What is the units digit of -4*(-33)/(-12) - (9 + -25710)?
0
Suppose -2*q = 3*l - 51, 11*l - 6*l = -2*q + 61. Suppose 11894 = q*m + 3164. What is the tens digit of m?
8
Suppose -h = -2*h - 3*m + 5, 3*m + 3 = 3*h. Let u(g) = -13*g - 3*g**2 + 17*g**h - 3*g**2. What is the tens digit of u(-3)?
3
Let b(y) = y + 3. Let z = -3 + 7. Suppose 24*f - 26*f = -z. What is the units digit of b(f)?
5
Let u = 1057 - 1791. Let m = u + 1126. Suppose -z - 3*z - 4*t + m = 0, 2*z = -t + 200. What is the tens digit of z?
0
What is the units digit of -10 + -2 + 236948/74?
0
Let t = -28092 + 51812. What is the ten thousands digit of t?
2
Suppose 182*p - 794794 = 28*p. What is the units digit of p?
1
Let i be (-5)/(-20)*(-3 - -15). Let c(v) = -v + 6. Let m be c(i). Suppose -2*k - 2*u + 53 = m*u, -4*k = -4*u - 176. What is the units digit of k?
9
Suppose 115893 = 49*q + 42963 - 251205. What is the thousands digit of q?
6
Let y = -2866 + 4166. Suppose -4*o + 9*o = y. What is the hundreds digit of o?
2
Let y(g) = g**2 - 16*g - 155. Let w be y(22). Let x = 130 - w. What is the hundreds digit of x?
1
Suppose 5*b - 8 = j - 38, 0 = -j + 4*b + 27. Let v = 66 + -31. Suppose -10 + v = 3*m + c, -m - 5*c = j. What is the units digit of m?
0
Let h be (4/(-4)*206)/(14/(-42)). Let b = -296 + h. What is the tens digit of b?
2
Let s(i) = i**3 + 16*i**2 + 3*i + 35. Let b = 104 + -99. Suppose 4*h + 44 = -0*h + 4*v, b*h + 91 = -4*v. What is the tens digit of s(h)?
1
Suppose -j - 3*j + 3*f + 39769 = 0, -2*f = 14. What is the thousands digit of j?
9
Let b(k) = -k**3 + 41*k**2 - 81*k - 284. What is the thousands digit of b(33)?
5
Suppose 183 = 3*f + 174. Suppose f*m + 379 = 2*j - 0*j, 2*j = -5*m + 371. What is the units digit of j?
8
Suppose -5*t + 22320 = 3*p, -2304 = 3*p - 5*t - 24624. What is the tens digit of p?
4
Suppose -3*x + 36 = -2*d, 2*x - 17 = 2*d - 3*d. Let o = 76 - 72. Let v = x + o. What is the tens digit of v?
1
Suppose -6*w = -100 + 52. Suppose w*s - 4564 = -20*s. What is the units digit of s?
3
What is the units digit of 88218/(-261)*109/(-2)?
1
Suppose -6 = -c + 5. Suppose -c*o = -8*o - 15. Suppose 3*s - 745 = -5*l, 4*s = o*l - s - 745. What is the tens digit of l?
4
Suppose 3*i - 165974 = -31682. What is the hundreds digit of i?
7
Suppose -22874 + 78494 = 6*m. Suppose 0 = -19*v + m - 3285. What is the units digit of v?
5
What is the hundreds digit of -20 + (5 - (11 - 69210))?
1
What is the tens digit of (-10)/4*(4 - (-256)/(-40)) - -25725?
3
Suppose -360 = 22*u - 24*u. Suppose -2*g + 658 = u. What is the tens digit of g?
3
Let j = 39 + -35. Suppose -2*y + 107 = 2*b + 13, -2*y = j*b - 100. What is the tens digit of y?
4
Let o(q) be the second derivative of -19/2*q**2 + 12*q - q**3 + 1/12*q**4 + 0. What is the units digit of o(-7)?
2
Suppose z - 6 = -4*g, -3*z = 5*g + 6 - 3. Let q(u) = 2*u**2 + 13*u + 8. Let k be q(z). Let v(t) = 31*t - 3. What is the units digit of v(k)?
9
Let x(b) = -b**2 + 17*b - 61. Let j be x(5). What is the tens digit of j + (4 - -410) - 5?
0
Let f be (-4*3/(-8))/((-3)/(-1954)). Let l = -124 + f. What is the hundreds digit of l?
8
Suppose 5*b - 14 - 1 = 0. Suppose -3*u - 5 = -5*t, 3*u - 2 = -5*t + b. Suppose 4*r - 3*m - 93 = 0, m + 4*m - 25 = u. What is the tens digit of r?
2
What is the units digit of -413077*5/(-35) - 9?
2
Suppose -9*w - 116 = -5*w. Let i(m) = -m**3 + 18*m**2 - 20*m - 29. Let j be i(16). Let s = w + j. What is the units digit of s?
4
Let o(s) = -s - 9. Let b be o(-3). Let n be -2 + -1 - 3*4/(-6). What is the units digit of (b/(-4) + n)/(15/3330)?
1
Let t = -775 + 776. Let y(d) = 4*d**2 - 1. Let c be y(6). Suppose 4*r - c = t. What is the tens digit of r?
3
Suppose 0 = 22*d - 23*d - 126. Let u = 376 + -116. Let t = u + d. What is the tens digit of t?
3
Suppose 3*v + 21 = 3*j, 0*j + 4*j + 32 = -2*v. Let q(c) = -c**3 - 9*c**2 + c + 24. What is the units digit of q(v)?
4
Let h(n) = -42 + 184*n + n**2 - 92*n - 97*n. What is the tens digit of h(-16)?
9
Let h(a) = 1235*a + 19. Let b(y) = -3705*y - 57. Let w(d) = -2*b(d) - 7*h(d). What is the thousands digit of w(-1)?
1
Let v(u) = -u**2 - 13*u - 21. Let n be v(-11). Let w be 3/(-6)*-474 - (n - 0). Let d = w + -138. What is the tens digit of d?
9
Suppose 3*x + j + 2*j = 12, 2*j - 5 = x. Suppose 5*g - 261 = 2*s, 12*s = 15*s - 6. Suppose 3*t + 2 = -x, 5*d - 3*t - g = 0. What is the tens digit of d?
1
Suppose -3*r - 26*v + 22*v = -73273, -3*r + 73253 = -v. What is the tens digit of r?
1
Suppose 13*q + 50 = 8*q. Let a(r) = -r**3 + 3*r**2 + 24*r + 28. What is the thousands digit of a(q)?
1
Let n = -1 - -1. Let b be 30/12 + 8/(-16). What is the units digit of 208/4 + 6 + (n - b)?
6
Let i(r) = 16*r**2 + 65*r - 529. What is the hundreds digit of i(-56)?
0
Let n(i) = -2*i**2 - 35*i - 14. Let b be n(-17). Let a be (-6)/15*(b + -8). What is the tens digit of (501/(a - -1))/1?
6
Let j(y) = y**3 - 6*y**2 - y - 21. Let d be j(7). Let f = d - -569. What is the hundreds digit of f?
5
Let w(r) = r**2 + 49*r + 84. Let h be w(-48). Suppose -11363 = -h*y - 887. What is the units digit of y?
1
Let c(u) = 2*u**3 - u + 1. Let r be c(1). Let o(k) = -5 + 233*k**r + 5*k**3 - 4*k**3 + 16*k - 222*k**2. What is the units digit of o(-9)?
3
Let v = 142 + -126. What is the hundreds digit of -4*(-2)/v*341*2?
3
Suppose 4*w - 11986 = t, 128*t = 5*w + 131*t - 14957. What is the tens digit of w?
9
Let m = 8 - 6. Suppose 41 = -m*i + 11. What is the tens digit of 135 + (-5)/(i/(-12))?
3
Let l be (-32)/(-12)*(-333)/148. Let o(s) = 3*s - 26 - s - 4*s + 2*s**2. What is the tens digit of o(l)?
5
Suppose -9514*y - 1555328 = -9546*y. What is the units digit of y?
4
Let u be (-4)/3*(-255)/20. What is the hundreds digit of 6*1 - (u*-1408)/16?
5
Let f(q) = -25*q**2 + 1804*q - 56. What is the t